of 10 and v.
5
Let b be 36/(21/12 - 1). What is the highest common factor of b and 6?
6
Let l be ((-54)/12)/((-2)/4). What is the highest common factor of 72 and l?
9
Let o be (5 + 14)*18*1. Calculate the greatest common factor of 38 and o.
38
Suppose -4*f + 2 = -6. Let n(j) = 2*j**2 - 3*j. Let a be n(f). Let r be ((-4)/a)/(12/(-726)). What is the greatest common factor of r and 11?
11
Let o(v) = -v**2 + 9*v - 2. Let s be o(4). What is the greatest common divisor of s and 108?
18
Suppose 12*f - 90 = 6*f. Calculate the highest common divisor of 5 and f.
5
Let b(p) = 2 + 3*p + p - 3*p + p**3 + 4*p**2. Let w be b(-4). Let t be (-1)/((-1)/110) - w. Calculate the highest common divisor of 16 and t.
16
Let v be ((-3)/(-5))/((-5)/(-25)). Suppose 0 = -v*m + 4*c + 16, -3*m - 4*c + 8 = -4*m. What is the highest common factor of 6 and m?
6
Let g = -8 + 12. Calculate the greatest common factor of 10 and g.
2
Let n = -68 - -131. Suppose 2*r - 5 = 9. What is the greatest common divisor of r and n?
7
Let v be (0 - (-1)/1)*38. Let o = 60 - v. Suppose -2*j = 5*q - 51, -2 = 3*j + 4. Calculate the greatest common divisor of o and q.
11
Let z = -61 - -91. What is the highest common factor of z and 12?
6
Let f be (-2 + 1)/(1/(-19)). Let y = f + -29. Let w = 2 - y. Calculate the greatest common factor of 18 and w.
6
Let a = -18 + 26. Let d(h) = h + 3. Let g be d(a). What is the highest common divisor of 55 and g?
11
Suppose -5*l = -35 - 0. Suppose 0 = 5*a - 20, -a = -0*x - 2*x - 2. Calculate the greatest common factor of l and x.
1
Let b = 42 - -14. Calculate the greatest common divisor of b and 7.
7
Let h = 12 - -13. Suppose c = -c + 3*m + 23, 5*m + h = 0. Suppose -10 = b + 2*s - 25, -5*s = c*b - 45. What is the highest common divisor of b and 10?
5
Suppose -588 = -3*x + 4*m, m = -2*x + 402 - 10. Suppose -q + 118 = 3*s, 4*s + s - x = -2*q. What is the highest common divisor of 5 and s?
5
Suppose -2*r + 51 = -w, -131 = -5*r - 3*w + 24. What is the highest common factor of 4 and r?
4
Let d = 16 + 16. Calculate the highest common factor of 80 and d.
16
Let p be 90/((-1)/(-3)*(-84)/(-14)). Let s = 9 - 4. Calculate the greatest common divisor of s and p.
5
Let a(y) = -y**3 - 4*y**2 + 4*y + 1. Let s be a(-5). Let m = s + 2. Calculate the highest common divisor of 20 and m.
4
Suppose 0*h = -h + 5. Suppose 132 = h*u - u. What is the highest common factor of u and 11?
11
Let u = 2 - -11. Suppose -6*p = 31 - 499. What is the highest common divisor of p and u?
13
Let p = 145 + -91. What is the highest common divisor of p and 6?
6
Let t = 29 - 17. Let v be (t/16)/((-1)/(-48)). Suppose v = 6*w - 3*w. What is the highest common factor of 8 and w?
4
Suppose 2*b = -3*n + 22, n + 4*b + 26 = 2*n. Let k = -19 - -9. Let s = 20 + k. What is the greatest common factor of n and s?
10
Suppose -4*k - 5*j = -36, -3*j + 0*j - 12 = 0. Calculate the greatest common divisor of k and 7.
7
Let y = 22 - -6. Suppose 0*m + y = 4*m. Suppose -4*u - 117 = -m*u. Calculate the greatest common divisor of u and 13.
13
Let p(d) = d. Suppose -3*r + 8 = -2*r. Let t be p(r). Suppose 5*k - 90 = -2*b, -2*b + k = -0*k - 78. Calculate the greatest common divisor of b and t.
8
Suppose 3*n + 68 = 7*n. Calculate the highest common factor of 221 and n.
17
Suppose -4*f - 500 = -9*d + 5*d, 615 = 5*d - 3*f. Calculate the highest common divisor of d and 15.
15
Suppose -5*v - 3*o = -3*v - 207, 3*v - 309 = -4*o. Let r = v - 29. What is the greatest common factor of r and 28?
14
Let l(p) = p**2 - p + 4. Let k be 12/(-9) + (-2)/3. Let y be 1*-1*(-3 + k). Let s be l(y). Calculate the greatest common factor of 3 and s.
3
Suppose 5*j + 3*d = -d + 234, -2*j + d + 91 = 0. What is the highest common factor of j and 69?
23
Let l be (60/(-16) + 3)*(-8)/3. Let a(s) = -18*s. Let v be a(-1). Calculate the highest common factor of l and v.
2
Let u = 21 + -1. Suppose 28 - 4 = 3*r. Calculate the highest common factor of r and u.
4
Let h(d) = -d**2 - 5*d + 13. Let p be h(-6). What is the greatest common factor of p and 1?
1
Let o(x) = 9 + 5 - x - 8. Suppose -3*g + 3 = -5*f - 6, 3 = -f + g. Let w be o(f). Calculate the highest common divisor of w and 9.
3
Let s(u) = u**2 - u. Let n be s(2). Suppose 63 = 3*a + 3*c, n*a - 52 = -c - 3*c. Calculate the greatest common divisor of a and 8.
8
Let y(o) = -o**2 + 11*o + 23. Let a be y(12). Calculate the greatest common divisor of a and 77.
11
Suppose -38 = -2*p + 34. Suppose -2*x + 3*d = 8 - 45, -p = -x + 5*d. What is the highest common divisor of x and 77?
11
Suppose -395 = -3*l + g, -l + 2*l + g = 133. Calculate the greatest common factor of 12 and l.
12
Let d = 0 + 2. Suppose 4*b + 189 - 201 = 0. Calculate the highest common factor of b and d.
1
Suppose -2*h + j = -115, 4*h + 2*j = -j + 255. Let a be 10/(-3)*9/(-2). What is the highest common divisor of h and a?
15
Let j be 0*1/4 - -30. Calculate the highest common factor of j and 15.
15
Let i(d) = 2*d**2 - 3*d - 5. Let o be i(5). Let y = 33 - 27. Calculate the highest common factor of o and y.
6
Let l(n) = n + 8. Let x be l(-6). Suppose o = -x, -5*o - 10 = -u + 15. What is the greatest common factor of 6 and u?
3
Let y(f) = -f. Let k be y(-2). Suppose -60 = -k*x - 3*x. Calculate the highest common factor of x and 12.
12
Suppose -12 = -5*a + 3*a. Let p = -4 + a. Let i be ((0 - 3) + 19)*1. Calculate the greatest common divisor of p and i.
2
Suppose 0 = 5*c - 4*c. Suppose 4*h + 16 = 0, -14 = -2*u - c*h + 3*h. Let l(j) = j + 4. Let a be l(0). What is the highest common factor of u and a?
1
Let a be ((-174)/(-8))/((-4)/((-96)/9)). What is the highest common factor of 145 and a?
29
Suppose 1 = -2*r - 1. Let i = r - -12. Let b(m) = -m**2 - m + 44. Let d be b(0). Calculate the greatest common divisor of i and d.
11
Suppose -5*w + 3*w + 150 = 4*j, 0 = -5*w + 2*j + 375. What is the greatest common divisor of w and 30?
15
Let y be (-2)/(-5) + (-8)/(-5). Let u = y + -3. Let x be ((-1)/u)/((-1)/(-13)). Calculate the greatest common factor of x and 143.
13
Suppose 3*f - 49 = 287. Calculate the greatest common divisor of 32 and f.
16
Let v be 2 - (-2 - -2) - -4. Let g(z) = -2*z - v - z**2 + 3 - 12*z. Let a be g(-6). What is the highest common factor of 18 and a?
9
Let b(n) = 3*n**2 + 1. Let j be b(1). Suppose -j = 5*f + 2*w + 12, -4*f - w = 14. Let z be 2/4 + (-34)/f. Calculate the greatest common divisor of 27 and z.
9
Suppose 4*x - 35 = 45. Suppose 2*v - 15 = 5. Calculate the greatest common factor of v and x.
10
Let j(i) = 4*i**2 + 4*i + 4. Let x be j(4). What is the greatest common factor of 28 and x?
28
Let i be (24/5)/(6/40). Suppose -2*n + i = 2. Let f = 1 - -14. What is the highest common divisor of n and f?
15
Let q = 24 + -22. Let w = 11 - q. Calculate the highest common divisor of 27 and w.
9
Suppose 2*g + 3*g - 1040 = 0. Let z be 0/2 + (3 - -23). What is the highest common divisor of z and g?
26
Let h(v) = 353*v**2 - v - 2. Let k be h(-1). Calculate the highest common divisor of k and 32.
32
Let u(x) = -x + 1. Let n be u(0). What is the highest common factor of 9 and n?
1
Suppose -4*f + 1012 = 5*w, 2*w = 3*f - w - 732. What is the greatest common factor of 31 and f?
31
Let r(h) = 12 + 2*h**3 - 3*h**3 + 0*h + 9*h**2 - 9*h. Let i be r(8). Calculate the greatest common divisor of 1 and i.
1
Let k(d) = d**3 - 4*d**2 - 3*d + 6. Let j be k(5). Calculate the greatest common factor of j and 4.
4
Let g be (1/(-2))/(7/(-154)). Let b be (0 + 1)/((-2)/(-44)). Calculate the highest common factor of g and b.
11
Let j be (-1 - -1)/(15 - 17). Suppose 3*k + j - 72 = 0. What is the highest common factor of k and 3?
3
Let k = -5 - -4. Let t = 5 + k. What is the greatest common divisor of t and 4?
4
Let q = 8 + 0. Suppose 3*m + 35 = q*m. Calculate the highest common divisor of m and 49.
7
Suppose -4 = a - 1. Let t be 5 - (-6)/(9/a). Let q(d) = -d**3 + 4*d**2 - 4*d + 4. Let p be q(t). What is the greatest common factor of 1 and p?
1
Let r be -1 - (1 + -4) - -13. What is the highest common divisor of r and 60?
15
Let v(y) = -4*y**3 - y**2. Let c be v(-1). Let w be c/15 - (-314)/5. Calculate the highest common divisor of w and 9.
9
Suppose -4*r + 120 = -2*r. Let m = -32 + r. Let g be 2/(-12) + (-50)/(-12). Calculate the highest common factor of m and g.
4
Let r be (